+ 4 = i. Is 0 + z + 5 + 120 composite?
True
Let s(m) = 20*m**2 + 3*m + 2. Let t(i) = 6 - 5 - 60*i**2 - 9*i - 1 - 6. Let k(h) = -11*s(h) - 4*t(h). Is k(3) composite?
False
Let d(h) = 30*h + 8. Let l(t) = 1. Let k(b) = d(b) - 5*l(b). Is k(3) prime?
False
Let l(s) = 4*s**2 - 20*s - 4. Let n be l(20). Suppose -n - 241 = -g. Is g prime?
False
Suppose 0 = 26*p + 46741 - 272031. Is p a composite number?
True
Suppose n - 1 = -0. Let b be ((-102)/12)/(n/38). Let d = b + 654. Is d prime?
True
Let v = -83 + 93. Suppose 9*r - v*r = -295. Is r a prime number?
False
Let w(z) = 912*z**2 + 48*z + 95. Is w(-2) prime?
False
Let x = 5449 - 503. Is x a prime number?
False
Suppose 0 = 3*r + 5*i - 22 + 5, -r - 3*i = -3. Let s = -3 + r. Suppose 3*a = s*a - 1743. Is a a prime number?
False
Let g(i) = -2*i**3 + 3*i**2 - 9*i + 7. Let c be g(-7). Suppose 0 = -5*u - m + 9115, 0*u - 1837 = -u - 3*m. Let w = u - c. Is w composite?
False
Let n(h) = 108*h + 65. Is n(24) composite?
False
Suppose -17*d + 23675 = -85958. Is d prime?
True
Is (5 + (-2 - -3600))/1 a composite number?
True
Suppose 4*b - t = 29192, -b + 7424 = -4*t + 111. Is b composite?
False
Is (7 - -77900)/3 + 4 prime?
False
Let y(d) = 5 - 16*d + 35*d + 31*d. Let s = -103 - -106. Is y(s) composite?
True
Is 71132/(-12)*-9 + (-10)/5 a prime number?
False
Let l = 58994 + -9693. Is l composite?
True
Let i = -96677 - -223500. Is i a composite number?
False
Let y(l) = 0*l**2 - 3*l**2 - 4*l + 4 + 0*l**3 - l**3 + 8*l**2. Let x be y(4). Suppose -5*h + 7 = -o, 20 = 4*h + x. Is o prime?
True
Let s = 1077 + -632. Let x be 9/(-27)*12/(-1). Suppose z = -x*z + s. Is z a prime number?
True
Let g(n) = -6*n**3 + 21*n**3 - 7*n**3 + 4*n - 7*n**3 + 13*n**2 - 6. Is g(-10) composite?
True
Let t = 638 - -1535. Is t a composite number?
True
Let r(z) = 3*z - 4. Let p(t) = 3*t - 5. Let w(h) = -7*p(h) + 6*r(h). Suppose -37 - 3 = 5*s. Is w(s) prime?
False
Is ((-9)/6)/(-3 - (-41300)/13768) a composite number?
True
Let p(r) = 647*r + 151. Is p(24) prime?
True
Suppose 3*u + 11 = -4*o - 65, -2*u - 5*o - 60 = 0. Let l be 0 - (-5)/(u/(-2336)). Suppose l = 3*f + 11. Is f prime?
True
Let d(q) = -q. Let m(j) = 14*j - 2. Let k(z) = -6*d(z) + 2*m(z). Let o be k(2). Suppose -31 = -5*c + o. Is c a prime number?
True
Let l(s) = -s**2 + 12*s + 4. Let o(t) = t**2 - 3. Let n be o(3). Let u be l(n). Let r = u + -15. Is r a composite number?
True
Let j = 12306 - 6989. Is j a composite number?
True
Let u = 1681 + -1188. Is u prime?
False
Suppose 5*f - o + 33 = 0, 2*f = 5*f + 3*o + 9. Let h be (267/f)/((-5)/130). Suppose 3*c - h = -5*m - 268, -4*c + 5*m = -1162. Is c a composite number?
False
Let t be -2*(-2 - 22/4)/(-3). Let d(m) = -38*m + 1. Is d(t) a composite number?
False
Let c be (2 - (103 - 0))*1. Let q = -65 - c. Is (-4)/(-1) + -2 + q composite?
True
Let t = 56249 - 37894. Is t prime?
False
Is 6/54 + (-75030)/(-27) a prime number?
False
Suppose -2*t = 5*f - 20034, -t - 8*f + 10019 = -5*f. Is t composite?
False
Suppose 8 = 2*k + 2*k. Suppose -k*z - 53 = 3*q, 0*z - 29 = z + q. Let r = 53 + z. Is r a composite number?
False
Let t be (-1)/(((-14)/(-4))/(-7)). Suppose -3*h - 5*d = -525, 5*h - d + 0*d = 875. Suppose 3*g + 2*g - 4*q = h, -t*q = -g + 29. Is g prime?
False
Let d = -21 - -39. Is (d + -11)*(5 + 2) a composite number?
True
Let h = -353 - -984. Is h prime?
True
Let b be 66 + (-2)/1 + 1. Let p be 208/40*b/2. Suppose -p = -3*h - 2*m, -5*h + 260 = m - 2*m. Is h a prime number?
True
Let f(w) = 10*w**2 + 15*w + 21. Let h be f(16). Suppose -4*l - 3*j + h = -0*j, 5*l - 3506 = 3*j. Is l a prime number?
False
Let u(x) = 5*x**3 - 2*x**2 + x. Let k be u(1). Let c be (39/(-52))/((-2)/480). Suppose 0 = -k*d + 176 + c. Is d a prime number?
True
Let h be 6*(0/4 - -3). Let u be 4/(h/(-3) - -4). Is u/(2*(-3)/813) a composite number?
False
Suppose 0 = -3*p + 13 + 14. Suppose -p*s + 23 = -8*s. Is s prime?
True
Suppose u = 16448 + 23663. Is u a composite number?
False
Suppose 484 = 3*x + 5*i, -6*x + x + 786 = -2*i. Let z = x - 87. Let c = 154 - z. Is c prime?
True
Let v(j) = -2*j. Suppose 3 = 6*u + 15. Let y be v(u). Is y/(-16)*2*-98 composite?
True
Let l = 6817 + 5782. Is l a prime number?
False
Let m = -31 + 34. Suppose m*x + 5*h = 4*x - 403, -2*h - 409 = -x. Is x prime?
False
Let u = 15 - 14. Let k = 4 - u. Suppose -k*a + 1702 + 17 = 0. Is a a prime number?
False
Let w(l) = -l**3 + 9*l - 15. Let i be w(-9). Suppose -3*b + 6*b = i. Is b prime?
True
Let z(s) = -s**2 + 3*s + 7. Let f be z(4). Suppose f*p + p = 0. Suppose -4*w - 5*l + 2*l + 1021 = 0, -3*l + 9 = p. Is w prime?
False
Suppose -4*o + 3233 = -3*z, 5*o - 2424 = 2*o + 3*z. Is o a composite number?
False
Is (1 - 2/(-1))/((-9)/(-106059)) a composite number?
False
Let d be (-8)/(-6)*(-36)/(-3). Suppose 3*g - g + d = 0. Is (-762)/g + (-13)/52 a composite number?
True
Let u = 10200 + -3983. Is u a composite number?
False
Let p = 94 - 98. Is 1*(-8)/(-32) - 859/p prime?
False
Suppose 0 = -19*q + 18*q + 4327. Is q a prime number?
True
Suppose f - 17 + 4 = -5*k, -2*f + 4 = -k. Suppose -4*n = 4*g - 7376, -4*g - 7391 = -4*n - f*g. Is n a composite number?
False
Let k = 38702 + -15436. Is k a prime number?
False
Let o(n) = -n**3 - 9*n**2 - 2*n - 12. Let k be o(-9). Suppose v = 2*s - 495, 0 = -s - k*v + v + 242. Is s a prime number?
False
Suppose 4*x - 3*o - 4769 = 5150, -3*o + 2476 = x. Is x a composite number?
True
Let i = 9 - 5. Suppose 0 = -i*j - 5*z + 820, 4*j = -2*z + 731 + 89. Suppose j = -0*c + c. Is c prime?
False
Suppose -6*k + 74815 = -k. Is k a prime number?
False
Let o(t) = 71*t + 12. Is o(34) a prime number?
False
Let m be (-477)/(-99) + 2/11. Suppose -4*b = b - m*i - 6265, 3*b - 5*i = 3751. Is b composite?
True
Is 6/12*-2*-24527 composite?
False
Suppose -35*b + 29*b = -53706. Is b a prime number?
True
Suppose 0 = 5*m - 8*m + 12. Let z be (-4968)/16 - 2/m. Let y = 630 + z. Is y composite?
True
Let c = 640 - -7. Is c a composite number?
False
Let z(d) = 13*d**2 - 3*d - 2. Let a be z(-1). Let i = -5 + a. Suppose -12*h + i*h = -363. Is h prime?
False
Let y(f) = -2*f - 18. Let p be y(-9). Let j(h) = -h**2 - 5. Let k be j(p). Is ((-632)/20 + -1)*k composite?
False
Let z = 9635 - 4312. Is z a prime number?
True
Suppose -5 - 35 = -2*r. Suppose -7*s + r = -3*s. Suppose -1330 = -5*m - s*f, m - f = -5*f + 275. Is m a composite number?
False
Is (-7)/(16 - -5)*-8517 prime?
False
Let d(o) = 12*o**2 + 13*o - 15. Suppose -4*y + 4*s = -7*y - 26, 46 = -5*y - 4*s. Is d(y) composite?
True
Suppose 3*r = 2*r - 12. Let z be (11/1 + -36)/(-1). Let j = z - r. Is j prime?
True
Suppose 0*q + 96 = -4*t - q, 5*t + 99 = 4*q. Let r = 15 - t. Is -10*r*(-2)/8 a prime number?
False
Let x = 19 + -14. Is (4/10)/(x/275) a prime number?
False
Suppose 3*s + 2*w = s + 8280, -4136 = -s + w. Is s prime?
False
Let q be 1/(-3) + (-144)/54. Is (-4 - (-930)/q)/(-2) a prime number?
True
Let h = 18519 - -3834. Is h composite?
True
Let k(x) = 13*x**3 - 12*x**2 + 71*x + 5. Is k(11) a composite number?
True
Suppose k + 12 = 4*x, x + 1 + 1 = -k. Let g be (x/2 + -3)*-1. Suppose 2*s - g*w = -0*w + 622, s - 291 = -4*w. Is s a prime number?
True
Let w be 12/2 + 20/(-5). Is (w + -1 - -1)/(28/5306) composite?
False
Suppose -2*c + 6*c = 16. Suppose -c*f - 21 = 51. Let x = 71 + f. Is x a composite number?
False
Let a(h) = h**3 - 11*h**2 - h + 16. Let v be a(11). Let q(y) = y**3 - 4*y**2 - 6*y + 5. Let b be q(v). Is (b - 0) + (-385)/(-7) prime?
False
Let z be ((-4)/(-4))/((-2)/(-726)). Suppose -6*g - z = -9*g. Let v = 102 + g. Is v composite?
False
Let m be (-28*(-1)/(-3))/((-74)/111). Suppose m*n = 7103 - 1237. Is n composite?
False
Let t(f) = 1670*f - 515. Is t(39) a composite number?
True
Suppose 85*p - 44683 = 84*p. Is p a prime number?
True
Suppose 3*u - 21 = -0*x - 3*x, -3*u + 13 = -x. Suppose -3*d = -w + d + 2391, u*w - 11835 = -4*d. Is w a prime number?
True
Let c(o) = -44*o + 35. Let v be c(-7). Let d = -225 + v. Is d a composite number?
True
Suppose -4*n + 39 = -5. Suppose n*f = 10*f + 1339. Is f a composite number?
True
Let y = 17 - 17. Suppose y = -4*d + 12, 1814 + 674 = n - 4*d. Suppose 2*o - a - a - 1020 = 0, 5*o - n = -5*a. Is o a composite number?
True
Let g(t) = -58*t. Let c(j) = -3*j**3 + j**2 - j + 1. Let u be c(1). Let o be g(u). Is ((-6)/(-4))